+ b**3 - 5. Let d be f(-6). Suppose 7*j = 456 - d. List the prime factors of j.
53
Suppose -3*a + 15 = 0, -3*a = 5*o + 2572 - 16837. List the prime factors of o.
2, 3, 5, 19
Suppose 683*x - 56544 = 677*x. What are the prime factors of x?
2, 19, 31
Let t(c) = 2426*c**2 + 113*c + 228. What are the prime factors of t(-2)?
2, 23, 211
Suppose 3*h = 4*h - 4*d - 30, 2*d = -8. Let z be (-4)/h + (-9588)/(-42). Suppose 3*t - 6*t + z = 0. What are the prime factors of t?
2, 19
Suppose 0 = -12*z + 4143 + 861. List the prime factors of 3/(-1) + z - -6.
2, 3, 5, 7
Let b(i) = -2*i**3 + 8*i**2 - 3*i - 4. Let a be b(3). Suppose 243 - 2 = z - y, 2*z - 497 = a*y. List the prime factors of z.
2, 59
Let r = -313 - -1622. Suppose -5*b = -2*x + r, -92 - 159 = b - 4*x. Let p = -109 - b. List the prime factors of p.
2, 7, 11
Let p(f) = 137*f**3 - 12*f**2 + 61*f + 11. What are the prime factors of p(4)?
8831
Suppose -6 - 6 = 3658*z - 3656*z. Let x(h) be the first derivative of -7*h**2 + 68*h - 1. What are the prime factors of x(z)?
2, 19
Let k(m) = m**2 + 13*m + 19. Let a be k(-11). What are the prime factors of (-1 - 1139/a) + 25/75?
379
Let i be ((-2)/(-4))/((-5)/(-20)). Let p(y) = -4 + y**i + 5*y + 0*y + 16. List the prime factors of p(-9).
2, 3
Let k be (44/66)/((-4)/(-21126)). Let x = k - 2113. List the prime factors of (-2)/9 + x/99.
2, 7
What are the prime factors of (11/((-220)/104))/(5/(-5*3365))?
2, 13, 673
Let l = -240 - -186. List the prime factors of l*((-156)/9 - 3).
2, 3, 61
Suppose -2*m - m = 3*n - 357, -3*n + m = -349. Let q(d) = -2*d - 69. Let h be q(-29). Let l = n + h. What are the prime factors of l?
2, 53
Suppose -305794 - 84761 = -15*j. What are the prime factors of j?
3, 11, 263
Let y = -28360 - -56127. List the prime factors of y.
27767
What are the prime factors of (246/(-8))/((9*(-13)/156)/386)?
2, 41, 193
List the prime factors of 4/6*108/8 + 76397.
2, 11, 23, 151
Suppose 0 = -13*t + 11*t - 502. Let c = t - -69. Let q = -93 - c. List the prime factors of q.
89
Suppose 0*k - k + 15 = -5*t, 4*k + 2*t + 28 = 0. Suppose 305 = -2*s + s. List the prime factors of s/(-25) + k/25.
2, 3
Suppose 0 = -3*j + 4*j - 56. Suppose 4*l - 27 = 3*l. Let k = j - l. List the prime factors of k.
29
Let u be ((-13)/(78/(-20)))/((-1)/3). List the prime factors of 4/u + (-304)/(-10).
2, 3, 5
Let o be (-2)/((-9)/822*4/(-3)). Let q = 887 - o. What are the prime factors of q?
2
Suppose -279 = 5*x + w, x + 20 = -5*w - 31. Let g = -47 - x. List the prime factors of ((-32)/(-6))/(6/g).
2
Let n(b) = 34*b - 55. Suppose -4 = 2*l - 10. What are the prime factors of n(l)?
47
Let q = -904 - -636. What are the prime factors of -70*(-7)/(-70)*q?
2, 7, 67
Let i(w) = -279*w**3 + 4*w**2 - 119*w - 511. What are the prime factors of i(-4)?
5, 7, 73
Let c be ((-4)/6)/(7/(-126)). Suppose -c*l = 3 - 1167. What are the prime factors of l?
97
List the prime factors of ((-10)/(-80))/(8/690304).
2, 5393
Suppose -10*i + 15*i = -v + 250, -3*i - 908 = -4*v. What are the prime factors of v?
2, 5, 23
List the prime factors of -3279*((-146)/21 + (-208)/(-728)).
2, 5, 1093
Let k be ((-13)/39)/(1*3/(-16803)). Suppose 5*i - k = -3*f, 2196 - 324 = 5*i - 2*f. What are the prime factors of i?
2, 11, 17
Let o = 68 + -64. What are the prime factors of (-214)/o*-2 - 5?
2, 3, 17
Let o = -17620 + 22303. What are the prime factors of o?
3, 7, 223
Suppose -y + 4854 = -3*s, -274*y + 279*y - 24322 = 2*s. What are the prime factors of y?
2, 3, 811
Let j = -67 + 123. Let o(h) = 32*h - 382. Let q be o(12). Suppose j = q*w - 142. What are the prime factors of w?
3, 11
Let t(j) = 2034*j**3 - 5*j + 3. Let y be t(1). Suppose -3*f + y + 1234 = c, -2160 = -2*f - 5*c. What are the prime factors of f?
2, 5, 109
Suppose -49547 = -20*n + 62267 + 863786. List the prime factors of n.
2, 3, 5, 271
Suppose -522*p + 12040 = -514*p. What are the prime factors of p?
5, 7, 43
Suppose 5*s - 265 = x + 4*x, 4*x + 218 = 2*s. Let m = x - -82. Let o = m - 3. List the prime factors of o.
23
Suppose 164 = -2*j - 86. Suppose -3*n + 3*b + 840 = 0, -3*b = 2*n - 220 - 340. Let k = n + j. What are the prime factors of k?
5, 31
Let p(l) = 0*l - 25 - 17*l - 8*l. Let v(z) = 76*z + 75. Let o(x) = 7*p(x) + 2*v(x). List the prime factors of o(-8).
3, 53
List the prime factors of (-9)/3 + (5719 - -12) + 9.
5737
Suppose -4*j + 4*f = 2*f + 24, -5*j - 30 = 5*f. What are the prime factors of 1796/8*(8 + j)?
449
Suppose 408 = -3*k - 14*k. List the prime factors of -180*((-40)/k - 3).
2, 3, 5
Let v(n) = 1296*n + 911. What are the prime factors of v(4)?
5, 23, 53
Let p(j) be the second derivative of j**5/20 + 11*j**4/6 - 11*j**3/3 + 73*j**2/2 + j + 142. List the prime factors of p(-23).
2, 5
Suppose 3 = -3*z, 3*u - z - 46 = -0*u. Let n be (-3)/u + 41/5. List the prime factors of (-2 - (-4)/n)*(-452)/6.
113
Let n = -58 + 61. Suppose -4*a - 2*c - 12 = 2*c, -5*a - 5 = n*c. Suppose -713 = -5*m + 2*z + 6, 0 = a*m + 5*z - 305. What are the prime factors of m?
5, 29
Suppose 65 = 3*v - 91. Let r = -46 + v. What are the prime factors of (6/r)/((-2)/(-68))?
2, 17
Let p(z) = 351*z - 389. List the prime factors of p(8).
41, 59
Suppose -c - 2*r = -45303, c - 6086 = 5*r + 39189. What are the prime factors of c?
5, 9059
List the prime factors of (-2)/2*(281143/(-38))/(4/16).
2, 14797
Let j(r) = 24*r**2 - 121*r. Let w be j(5). What are the prime factors of w/((-45)/7893) - (-2 + 1)?
2, 439
Let r(h) = -229*h - 122. What are the prime factors of r(-6)?
2, 313
Suppose 0 = 11*p - 7413 - 1596. What are the prime factors of p?
3, 7, 13
Let s(m) = 58*m - 38. Let k be s(3). Suppose -2*w + 6 = 0, 0*w + 4*w + k = 2*h. List the prime factors of h.
2, 37
Suppose 19*n = 16*n + 6. Suppose -8274 = n*h - 16*h. Let b = -395 + h. What are the prime factors of b?
2, 7
Suppose -5*s = -7*s + 10. Suppose -s*g = 3*q - 302, 4*q - 76 = 3*g + 317. List the prime factors of q.
3, 11
Let h(p) = 31*p**2 + 62*p + 1112. List the prime factors of h(-28).
2, 5, 37
Let z = -15090 - -29365. List the prime factors of z.
5, 571
Let n be -2 + 14 - (-1 - 3/(-1)). Let r(p) = p**3 - 11*p**2 + 10*p + 2. Let f be r(n). What are the prime factors of ((-279)/18)/((-1)/f)?
31
Let c = -210 - -207. List the prime factors of c/12 + (-23170)/(-40).
3, 193
Let y(d) = -d + 8. Let r be y(6). Let m(t) = -t + 3*t - 6 + 22 - 21*t + 9*t**r. What are the prime factors of m(6)?
2, 113
Suppose -9*z + 4*a + 4 = -5*z, z + 4*a + 4 = 0. Let i be z + (-12)/(-1 - 1). Let s(u) = u**2 - u + 26. What are the prime factors of s(i)?
2, 7
Let m = 35685 - 18081. What are the prime factors of m?
2, 3, 163
Suppose -5*k = -p - 76, -p - 2*p - k = 228. Let m(x) = 15*x - 608. Let f be m(53). Let y = f + p. What are the prime factors of y?
3, 37
Let x = -39315 - -55653. List the prime factors of x.
2, 3, 7, 389
Let d(y) = 43*y**2 + 169*y + 56. What are the prime factors of d(-19)?
2, 773
Let b(h) = 2583*h**2 - 77*h + 309. List the prime factors of b(4).
37, 1117
Let f(y) be the third derivative of -y**4/12 + 4*y**3 - 24*y**2. Let g be f(13). What are the prime factors of (-120)/(-3) + ((-4)/4 - g)?
41
Suppose 20823 + 20185 = 2*x - 2*v, 4*x + 3*v - 82037 = 0. List the prime factors of x.
20507
What are the prime factors of (-2 + -39487)/(-1) + -27 + 13 + 9?
2, 9871
What are the prime factors of 84/(-56)*14/6*-2148?
2, 3, 7, 179
Let b = -23845 + 44146. List the prime factors of b.
3, 67, 101
Let r be 11 - (-18)/((-126)/49). Let v(f) = -9 + 20*f - 2*f + 0*f. List the prime factors of v(r).
3, 7
Suppose 5*h + 5*m - 165 = 0, -3*m = 3*h - 6*m - 111. Suppose -7*f = h - 868. List the prime factors of f.
7, 17
Let g(d) = 34*d - 52. Let z be g(2). Let i = z + 492. List the prime factors of i.
2, 127
Let w(a) = 2*a**2 + a + 83. Let l be w(0). Suppose 253 = 4*b - l. List the prime factors of 3252/b + 4/14.
3, 13
What are the prime factors of (0 - 47286/(-9)) + 6?
2, 5, 263
Let c = 46046 - 24869. List the prime factors of c.
3, 13, 181
What are the prime factors of (-51*(-1)/(-6))/(((-3)/1332)/1)?
2, 3, 17, 37
Suppose -2*x + 1763 = 3*i, 4*x + 3*i = x + 2637. Let v = x - 269. List the prime factors of v.
5, 11
Let j(n) = 2*n**2 + 7*n - 104. Let i be j(14). Suppose 5*h - i = 139. What are the prime factors of h?
3, 5, 7
Let r(n) = -n**3 + 10*n**2 - 6*n - 25. Let g